et o = 15 + a. What is the tens digit of o?
8
Let w = -28 + 29. Suppose 11 = 4*b - w. What is the units digit of b?
3
Let b be (-28)/(-98) + (-236)/(-7). Let q = 8 - 4. Suppose -2*m - x = -b - 9, -q*x - 38 = -2*m. What is the tens digit of m?
2
Suppose -3*v - 2*z + 910 = 0, 0 = -3*z - 16 + 4. Suppose -3*u + 6*l = 3*l - 477, 2*u + 4*l = v. What is the hundreds digit of u?
1
Let c be (0 - -13) + (-21)/7. Let p(g) = g**3 - 8*g**2 - 11*g - 7. What is the units digit of p(c)?
3
Let h(u) = 0*u**3 + 2*u**2 + 1 - 4*u**2 - 5*u**3 - u**3. What is the tens digit of h(-2)?
4
Let o(w) = -w**3 - 9*w**2 - 10*w + 9. Let u be 38/6 + (-2)/6. Suppose 18 = -3*a - u. What is the units digit of o(a)?
5
Let x(z) be the first derivative of z**3/3 + 2*z**2 + 16*z + 27. What is the units digit of x(-11)?
3
Let o = 42 - 36. What is the units digit of 1*85 + 3/6*o?
8
What is the hundreds digit of 1 + 2 - (-1201 - (-3 - 2))?
1
Let b = -269 - -346. What is the units digit of b?
7
Let v(d) = -d**2 - 3*d - 2. Let z be v(-4). Let k = z + 10. Suppose 5*s - k = 71. What is the units digit of s?
5
Suppose 5 = 3*r - 4*j + 6*j, -5*j + 15 = 5*r. Let x(l) = -224*l**3 + 3*l**2 + 3*l + 2. What is the hundreds digit of x(r)?
2
Let f(u) = -u**3 - 11*u**2 - 10*u + 4. Let x be f(-10). Suppose n - 3*n = -x. Suppose -n*o + 45 = k, -4*o = -4 - 4. What is the units digit of k?
1
Let t(v) = v**2 + 2*v + 4. Let b be t(-2). Let o(g) = 11*g**2 + 13. What is the units digit of o(b)?
9
Let w(q) = 40*q - 23. What is the tens digit of w(15)?
7
Let y be 3/(-9) - (-64)/12. Suppose -y*w + 944 = 284. Suppose -w = -2*b + 18. What is the units digit of b?
5
Let c = -149 - -80. What is the units digit of (7/(-7))/(3/c)?
3
Suppose 2*h - 5*h + 549 = 0. Suppose -11*f - h = -12*f. What is the hundreds digit of f?
1
Let k be 11/(-9) - 4/(-18) - -24. Suppose -25*p + 200 = -k*p. What is the hundreds digit of p?
1
Let q(z) = -5*z**3 + z**2 + 13*z + 13. What is the hundreds digit of q(-6)?
0
Let f(t) = 90*t**2 + 9*t + 2. Let z be f(1). Suppose j - b = 175, -j + 103 = b - 74. Let y = j - z. What is the units digit of y?
5
Suppose -22*o = -18*o - l - 2191, 2*l - 1088 = -2*o. What is the hundreds digit of o?
5
What is the units digit of -5 + (4 - 3)*478?
3
Let k = 1741 - -8. What is the tens digit of k?
4
Suppose -9*a - 1400 = -8177. What is the tens digit of a?
5
Suppose -137*k + 141*k = 764. What is the hundreds digit of k?
1
Let q be (-2)/6 + 30900/(-18) + 5. What is the tens digit of q/(-22) + 5 + (-4)/(-22)?
8
Let f(o) = o**3 + 9*o**2 + 9*o + 9. Suppose 0 = -0*y + 4*y + 24. What is the units digit of f(y)?
3
Let d = 4 + -4. Suppose -5*u = -3*n + 5, -2*u + 5*u - 6 = d. Suppose 4*t - s - 33 = 4*s, 20 = n*t - 2*s. What is the units digit of t?
2
Suppose 7098 = 5*s + 3*l, 7090 = 5*s + l - 6*l. What is the tens digit of s?
1
Let x = 244 + -159. What is the tens digit of x?
8
Let y(d) be the second derivative of d**4/6 + 7*d**3/3 - 5*d**2 + 7*d. What is the tens digit of y(-12)?
1
Suppose 4*d + 5 = -5*j, 0*j - 2*j = -2*d - 16. Suppose -312 = -j*g + 171. What is the hundreds digit of g?
1
Let g(w) = -10*w**2 - 348*w + 4. What is the thousands digit of g(-8)?
2
Suppose 0 = -48*k - 20643 + 91299. What is the thousands digit of k?
1
Suppose 17*w - 21*w = -24. Let o be 0/(2*(-3)/w). What is the units digit of o/4 + 21*1?
1
Suppose 21 = -4*f + 29. Suppose f*n = y + 4*y + 277, 2*y = -2. What is the units digit of n?
6
Suppose 0 = -3*p - 3*f + 243, 2 + 83 = p + 3*f. Suppose -77*c - 462 = -p*c. What is the hundreds digit of c?
2
Let v(l) = -l**3 + 6*l**2 + 14*l + 13. Let j be v(8). Let y(t) = -t. What is the units digit of y(j)?
3
Let v(y) = y**3 + 4*y**2 + 2*y. Let j be v(-2). Suppose u - 5 = 0, q = -0*q + j*u - 15. Suppose -q*o = -83 - 97. What is the units digit of o?
6
Suppose -16*f = -4*f + 504. Let a be 2/9 + (-2548)/(-36). Let s = f + a. What is the tens digit of s?
2
Suppose 0 = -n + 4*n - 192. Let h = n - 6. Suppose 0*i - i = -v - 13, 4*i - 2*v = h. What is the tens digit of i?
1
Let j(v) = -v**3 + 17*v**2 - 20*v + 7. Let p be j(16). Let d = -33 - p. What is the tens digit of d?
2
Let c be 1*6 - 24/6. Suppose 5*s = c*d - 250, -d - 4*s + 250 = d. What is the units digit of d?
5
Let x = -48 + 13. Let m be (-12)/18 + x/(-3). Let r = 16 - m. What is the units digit of r?
5
Let o(m) = -15*m**2 + 32*m. Let l be o(-5). Let y = -225 - l. What is the units digit of y?
0
Suppose -5*d = -116 + 11. Suppose 0 = -t - 20 + 25. Suppose 4*f = 2*z - t*z + d, 3*f + 42 = 3*z. What is the units digit of z?
1
Suppose -j - 95 = -4*n - 15, 4*j - 2*n + 264 = 0. Suppose 2*p = -96 - 88. Let g = j - p. What is the units digit of g?
8
What is the tens digit of 335640/105 - 4/7?
9
Let t be 25/(-6) + (-4)/96*-4. Let c(o) = -34*o + 13. What is the hundreds digit of c(t)?
1
Let r = -285 + 975. What is the units digit of r?
0
Let r = -332 - -493. Suppose -4*f - r = -11*f. What is the units digit of f?
3
Suppose -18*c + 16*c + 4*n + 4262 = 0, 0 = 5*c - n - 10700. What is the tens digit of c?
4
Let p = -473 - -954. What is the units digit of p?
1
Let c(m) = m**2 + 3*m - 16. What is the hundreds digit of c(14)?
2
Suppose 0 = 17*z - 605 - 653. What is the units digit of z?
4
Let l(f) = 83*f**3 - 2*f - 6. What is the tens digit of l(3)?
2
Let p(b) = 2*b + 2. Let s be p(0). Let r = s + 7. Suppose 19 = 5*j - 5*l - 11, j + 2*l - r = 0. What is the units digit of j?
7
What is the units digit of (15 - -5)/((-2)/(-50))?
0
Let l = 33 + 427. What is the units digit of l?
0
Let u be 26/10 - (-18)/45. Suppose -198 = -4*x + 3*i, u*x - 3*i - 148 = -i. Suppose -9*h + x = -7*h. What is the units digit of h?
4
Suppose 4*t = 65 + 35. Suppose 5*u - t = -0*u. Suppose -u*d + 0*d + 5*s + 190 = 0, 5*d - 210 = -5*s. What is the units digit of d?
0
Suppose -4*h + 0*h + 5*a = -1609, -2*h + 2*a = -802. What is the hundreds digit of h?
3
Let w(i) = i**3 + 9*i**2 + 4*i - 5. Suppose 3*b - 9 = 0, -b = 3*k + 4*b + 12. Let c be w(k). What is the units digit of 10/30 - c/3?
4
Let w = -209 + 208. Let v(r) = -r - 5. Let y be v(-5). What is the units digit of (-18 + -4)/(w - y)?
2
Suppose 6*s - 6 = 6. Let h be (1/s)/((-8)/(-80)). Suppose 10*l = -4*p + h*l + 120, -p + 31 = l. What is the tens digit of p?
3
Let w(q) = q**2 - 15*q - 2. What is the tens digit of w(-10)?
4
Let k be 1/(-4)*-98*-2. Let y = k - -83. Suppose -d = -8 - y. What is the units digit of d?
2
Suppose 2*x + i - 6334 = 0, 13*i - 17*i - 6334 = -2*x. What is the tens digit of x?
6
Let z = -85 + 207. Suppose 0*f - z = -2*f. Suppose 5*w - 286 = -5*q - f, 5*w - 195 = 5*q. What is the units digit of w?
2
Let c be (2/4)/(16/(-1760)). Let n = 105 + c. Suppose -y + 35 = x, 0*x + n = 2*y - 3*x. What is the tens digit of y?
3
Let z = 15 + -246. Let j = z - -338. Let v = -52 + j. What is the units digit of v?
5
Let s(z) = z - 1. Let j(v) = v - 167. Let p(q) = j(q) - 2*s(q). Let r be p(0). What is the units digit of (12/5)/((-11)/r)?
6
Suppose 4*s + 5 = 5*s. Suppose 5 = s*b, 3*b - 7*b = 5*n - 284. Let v = 97 - n. What is the tens digit of v?
4
Let u(s) = 10*s**3 + 14*s**2 - 51*s + 2. What is the hundreds digit of u(4)?
6
Let u(d) = -6*d**3 - 2*d**2 + 1. Let w(i) = 3*i - 7. Let q be w(4). Suppose 5*t = 2*p + 3*p, -q*t = p + 12. What is the units digit of u(p)?
1
Let y be ((-1)/(-1))/((-2)/18). Let m = y - -12. Suppose -m*x + 4 = -2. What is the units digit of x?
2
Let l be (-5 + 15)/(4/(-18)). Let x be (1 - (7 - 3)) + l. What is the units digit of (x/10)/(6/(-20))?
6
What is the hundreds digit of (5 - (-2220)/(-36))*-48?
7
Suppose -k = k + 8. Let c be k/(124/32 - 4). Let f = c - 27. What is the units digit of f?
5
Suppose 0 = -15*a + 13*a - 132. What is the units digit of (a/(-12) + 3)*2*1?
7
What is the units digit of -186*(40/15 - 3)?
2
Let a = -31 + 34. Suppose -a*o = -4*o + 19. What is the tens digit of o?
1
Suppose 159570 = -18*h + 108*h. What is the tens digit of h?
7
Suppose 2*d + 5*d = 805. What is the tens digit of d?
1
Suppose 2*v - d - 2*d = -24, v = 3*d - 12. Let z = 22 + v. What is the tens digit of (-1)/2 + 355/z?
3
Suppose q = -a + 197, 20 = a + 4*a. Suppose -93*r = -94*r + q. What is the tens digit of r?
9
What is the tens digit of (-5)/(30/2568*(-4)/10)?
7
Let c(k) = 4*k + 19. Let z be c(-6). What is the units digit of